n 1075/20 - z/4 is divided by 14.
12
Suppose 3*m - 18 = -4*s + m, -s + 18 = -4*m. Suppose 0 = -5*j + 6*j + 2*u - 13, 0 = -3*j + u + 53. Calculate the remainder when j is divided by s.
5
What is the remainder when 23 is divided by (20/(-6) + 2)/((-2)/9)?
5
Suppose -3*t = 5*q - 54, -4*q = -t + 19 - 1. Calculate the remainder when t is divided by 16.
2
Suppose -5*g + 57 = 4*c, -41 = -2*c - 7*g + 2*g. What is the remainder when 19 is divided by c?
3
Let k = 6 - -11. What is the remainder when 31 is divided by k?
14
Suppose 0*m + 27 = m - 4*f, 4*f - 148 = -4*m. What is the remainder when m is divided by 19?
16
Let x = 183 + -133. Calculate the remainder when x is divided by 17.
16
Let t(k) = -22*k - 2. Let r be t(4). Let m be 1652/12 + (-12)/18. Let b = r + m. Calculate the remainder when b is divided by 16.
15
Suppose -2*c + 12 = -0*c. Suppose -5*y - 3*j + 128 = -c*j, -j + 116 = 4*y. What is the remainder when y is divided by 15?
13
Let f(c) = -c**3 + 8*c**2 + 2*c - 8. Suppose 5*a - 25 = 45. Calculate the remainder when f(7) is divided by a.
13
Suppose 10*b - 156 = 7*b. Calculate the remainder when b is divided by 18.
16
Calculate the remainder when (-4530)/(-39) - (-4)/(-26) is divided by 40.
36
Suppose 3*i = -5*v + 79, 0*i + 4*v = 4*i - 116. Calculate the remainder when i is divided by 15.
13
Suppose 4*c - 44 = 4. Calculate the remainder when 59 is divided by c.
11
Suppose 4*y - 5*k + 36 = 0, 3 = -5*y + 4*k - 33. Let m = y - -35. Let d = m + -9. What is the remainder when d is divided by 12?
10
Suppose 6 = -5*c - 4. What is the remainder when (3 - 5)/(c/47) is divided by 16?
15
Suppose -5*m + 2 = -2*d + d, 20 = 2*d - 2*m. What is the remainder when 51 is divided by d?
12
Calculate the remainder when (-1379)/(-21) + 2/(-3) is divided by ((-2)/(-5))/((-6)/(-330)).
21
Let j = 23 - 4. What is the remainder when j is divided by 4?
3
Let l = 38 - 33. Let o = -6 + 23. Calculate the remainder when o is divided by l.
2
Let k(x) = x**2 + 3*x - 3 + 3*x**2 - x**2. What is the remainder when 27 is divided by k(2)?
12
Let r be 2*(-4 - -3)*-1. What is the remainder when ((-2)/3)/(r/(-129)) is divided by 15?
13
Suppose 5*m = -2*n + 3*n + 3, 2*n = 3*m - 6. Calculate the remainder when 26 is divided by 4 + 2 - (m + -3).
8
Let w = -1 - -1. Suppose 2*u + 32 = 2*q, -5*q + 0*u - 3*u + 40 = w. Calculate the remainder when q is divided by 4.
3
Let b be 3*1 - (-7 - -3). Let r = b + 5. Let g(w) = 24*w**2 - 1. Calculate the remainder when g(1) is divided by r.
11
Calculate the remainder when 33 is divided by 17*(1 - -2)/3.
16
Suppose 0 = 4*p + 16, p = w - p - 56. Let g = w - -11. Calculate the remainder when g is divided by 20.
19
Let c = -2 + 6. Suppose 3*z = -z - 4*s, 0 = 2*s + 4. Calculate the remainder when c is divided by z.
0
Let h be 2/2 + 3 + -4. Suppose h = -c - 0*c - 5*x - 6, c - 6 = x. Suppose c = 2*u - 66. What is the remainder when u is divided by 12?
11
Suppose 2*p + 0*p - 15 = -u, -4*p + 4*u = -24. Calculate the remainder when 46 is divided by p.
4
Suppose -2*t + 5*t + n = 14, -n = -3*t + 16. Calculate the remainder when t is divided by 1.
0
Let l be ((-30)/(-18))/(1/3). What is the remainder when 156/l - 3/15 is divided by 16?
15
Let v(r) = r**3 + 2*r**2 + r + 1. Let m be v(-4). Let j = m - -79. Suppose -16 = -4*h, l - 2*h = 5*l - j. What is the remainder when 16 is divided by l?
7
Let p(y) = 11*y**3 + y**2. Calculate the remainder when 59 is divided by p(1).
11
Suppose -2*o + 20 + 6 = -2*z, 0 = 4*o - 5*z - 53. What is the remainder when o is divided by 5?
2
Let q(f) = -5*f**2 - 2*f - 4. Suppose -2*n + 5*n - u = 14, 5*u + 2 = -2*n. Let v be q(n). What is the remainder when 13 is divided by v/(-12) - (-4)/(-6)?
6
Suppose 24 = 5*z - x, -6*x - 8 = 3*z - x. Suppose 3*b - 49 = r, z = -4*b + r + 68. What is the remainder when b is divided by 8?
7
Suppose -4*v + 9*v - 110 = 0. Let d(q) = -3*q - 9. Suppose -6*i + 3*i - 21 = 0. What is the remainder when v is divided by d(i)?
10
Suppose 513 = 4*i + 3*k, -i = i - 2*k - 260. What is the remainder when i is divided by 45?
39
Calculate the remainder when 27 is divided by (-15)/(4/16*-6).
7
Let s = -77 - -86. Calculate the remainder when 14 is divided by s.
5
Suppose -h = -2 - 2. Suppose -h*c + 88 = -2*c. Suppose 37 + c = 3*n. Calculate the remainder when n is divided by 15.
12
Let m = 4 - 6. Let x = 41 + m. Calculate the remainder when x is divided by 14.
11
Let t(h) = -2*h - 6. Let p be t(-4). Let k be (6/p)/(3/11). Suppose -4*z - 5*g = -5*z + k, 0 = 4*z + 3*g - 44. What is the remainder when z is divided by 4?
3
What is the remainder when (-1704)/(-15) - 9/15 is divided by 29?
26
Let r = 5 + -3. Suppose -4*a = -4*i + 140, 6*i + r*a - 78 = 4*i. What is the remainder when i is divided by (-6)/(-3) + 9 + 2?
11
Suppose 0*t - 18 = -t. Suppose -3*b + t = -0. Suppose 3*w - 20 - 13 = 0. What is the remainder when w is divided by b?
5
Suppose -5*f = 4*o - 169, 137 = -6*f + 10*f + 5*o. Calculate the remainder when 61 is divided by f.
28
Let s be (-10)/(-2) + 0 + 0. Suppose -26*b + 4 = -25*b. Suppose -11 - b = -s*j. What is the remainder when j is divided by 3?
0
Suppose 5*p + 7 = -3. Calculate the remainder when 8 is divided by -9*(p + 15/9).
2
Let b = -41 + 62. What is the remainder when 73 is divided by b?
10
Let z = 2 + -2. Suppose z = h - 5*h + 16. Suppose -j + 5*q + 2 + 5 = 0, 5 = 4*j + 3*q. What is the remainder when h is divided by j?
0
Let i(c) be the first derivative of c**3/6 - 9*c**2/2 + 4*c - 3. Let n(l) be the first derivative of i(l). Calculate the remainder when n(11) is divided by 2.
0
Let r = 2 - -4. Suppose 3*p - 68 = -r*i + i, -i - 4*p = 0. What is the remainder when 44 is divided by i?
12
Suppose 4*u + 4*t = 32 + 12, 4*t = 3*u - 54. What is the remainder when u is divided by (-16)/(-2)*1/1?
6
Let r = -8 - -17. Let n = 16 - 10. What is the remainder when r is divided by n?
3
What is the remainder when 693/22*((-1)/(-1) - -1) is divided by 34?
29
Suppose 0 = 4*s - 8. Calculate the remainder when 59 is divided by (38 + 0)/s - -1.
19
Let a(r) = -7*r + 4. Calculate the remainder when a(-3) is divided by 14.
11
Let b = 3 - -9. Calculate the remainder when 81 is divided by b.
9
Let k(i) = -i**3 - 4*i**2 - 3*i - 9. Let w be k(-6). Let d be 60/18*w/2. Let g = d - 76. What is the remainder when g is divided by 20?
19
Let w(l) = -l**3 - 15*l**2 - 15*l - 5. What is the remainder when 32 is divided by w(-14)?
5
Let u be 2*2*(-2 - -3). Suppose m = 1 + u. What is the remainder when (-258)/(-33) - (-4)/22 is divided by m?
3
Suppose 0 = -5*c - 2*x + 46 + 35, -4*c - 4*x = -72. Calculate the remainder when c is divided by 5.
0
Let q = 33 + -84. Suppose 3*l - 3*a + 449 = -2*l, -2*a + 94 = -l. Let m = q - l. What is the remainder when m is divided by 13?
11
Let a be 6/4*(4 + 2). Calculate the remainder when 35 is divided by (-320)/(-18) - (-2)/a.
17
Let d(w) = -5*w + 3. Let m(v) = -3*v - 28. Let p be m(-9). Suppose 3 - 31 = -2*a. What is the remainder when a is divided by d(p)?
6
Suppose 3 = x + 3*r, -3*x + r = 10 + 11. Calculate the remainder when -58*(x/4 + 1) is divided by 8.
5
Let f = 30 - 12. Suppose f = 4*a - 2. Suppose -a*q + 170 = 4*w - 5, -5*w + 215 = 5*q. What is the remainder when w is divided by 14?
12
Let g = 179 + 111. Suppose 5*f + 4*t - g = 0, -3*f + 191 - 49 = -4*t. Calculate the remainder when f is divided by 28.
26
Calculate the remainder when 4/(-12)*39*-1 is divided by (5/(-3) + 2)*24.
5
Suppose 5*s - 345 = -40. Calculate the remainder when s is divided by 16.
13
Let v = -17 - -77. Suppose 0 = 2*q, -u + 5*q + 23 = 7. Calculate the remainder when v is divided by u.
12
Let j(t) = -40*t**3 - t**2 + 2*t + 1. Calculate the remainder when 189 is divided by j(-1).
37
Let s(z) = -z**3 - 4*z**2 + 3*z - 21. What is the remainder when s(-6) is divided by 6?
3
Suppose 5*q = 8*q - 42. Calculate the remainder when 41 is divided by q.
13
Let m(v) = 4*v**3 + v**2 + 4*v - 5. Let l(x) = 4*x**3 + x**2 + 3*x - 4. Let i(r) = 4*l(r) - 3*m(r). What is the remainder when i(1) is divided by 3?
1
Let x(b) = -b**3 + 8*b**2 - 2*b - 4. Suppose -29 = -5*y - 2*i, -3*y - 8*i + 4*i = -9. What is the remainder when x(y) is divided by 11?
9
Let t = 9 - 5. Suppose t*n = n + 39. Calculate the remainder when 24 is divided by n.
11
Let s be